{"id":23,"date":"2025-04-13T19:59:35","date_gmt":"2025-04-13T19:59:35","guid":{"rendered":"https:\/\/natalia.soporteforesta.cloud\/?page_id=23"},"modified":"2025-04-23T02:08:16","modified_gmt":"2025-04-23T00:08:16","slug":"sobre-mi","status":"publish","type":"page","link":"https:\/\/natalia.soporteforesta.cloud\/?page_id=23","title":{"rendered":"Sobre M\u00ed"},"content":{"rendered":"<section class=\"bde-section-23-100 bde-section\">\n  \n  \n\t\n\n\n\n<div class=\"section-container\"><h1 class=\"bde-dual-heading-23-153 bde-dual-heading\">\n\n\n            <span data-style=\"secondary\" class=\"dual-heading--secondary  js-annotate\">Hola,<\/span>\n\n            <span data-style=\"primary\" class=\"dual-heading--primary  \">soy Natalia, fundadora de <\/span>\n\n            <span data-style=\"secondary\" class=\"dual-heading--secondary  js-annotate\">localgrow <\/span>\n\n            <span data-style=\"primary\" class=\"dual-heading--primary  \">marketing<\/span>\n\n\n\n<\/h1><div class=\"bde-fancy-divider-23-104 bde-fancy-divider\">\n\n\n<div class=\"bde-fancy-divider__wrapper\">\n  <div class=\"bde-fancy-divider__separator   \">\n  \t  <\/div>\n<\/div>\n\n<\/div><div class=\"bde-columns-23-105 bde-columns\"><div class=\"bde-column-23-106 bde-column\">\n  \n  \n\t\n\n\n\n<h2 class=\"bde-heading-23-109 bde-heading\">\nBiography\n<\/h2><div class=\"bde-text-23-112 bde-text\">\nDespu\u00e9s de a\u00f1os trabajando con marcas, comercios y emprendedores, descubr\u00ed algo claro: el marketing no funciona si no te representa. Y tampoco si te consume m\u00e1s tiempo del que tienes.\n<\/div>\n<\/div><div class=\"bde-column-23-107 bde-column\">\n  \n  \n\t\n\n\n\n<h2 class=\"bde-heading-23-110 bde-heading\">\nContact\n<\/h2><div class=\"bde-text-23-113 bde-text\">\nSeattle, WA 98109<br>marlinrobinson@gmail.com<br>+1 (605) 475 6968\n<\/div>\n<\/div><div class=\"bde-column-23-108 bde-column\">\n  \n  \n\t\n\n\n\n<h2 class=\"bde-heading-23-111 bde-heading\">\nExpertise\n<\/h2><div class=\"bde-text-23-114 bde-text\">\nWebsite Design (Tools: Figma, Adobe XD), Graphic Design (Tools: Adobe Illustrator, Adobe Photoshop, Indesign\n<\/div>\n<\/div><\/div><\/div>\n<\/section><section class=\"bde-section-23-118 bde-section\">\n  \n  \n\t\n\n\n\n<div class=\"section-container\"><div class=\"bde-columns-23-119 bde-columns\"><div class=\"bde-column-23-120 bde-column\">\n  \n  \n\t\n\n\n\n<div class=\"bde-simple-counter-23-130 bde-simple-counter\">\n<div class=\"bde-simple-counter__wrapper\">\n  <p class=\"bde-simple-counter__number bde-h6\">\n    <span class=\"bde-simple-counter__prefix\"><\/span>\n    <span class=\"bde-simple-counter__digit js-digit\"><\/span>\n    <span class=\"bde-simple-counter__suffix\">+<\/span>\n  <\/p>\n    \t<div class=\"bde-simple-counter__title\" >Years of experience<\/div>\n  <\/div>\n\n<\/div>\n<\/div><div class=\"bde-column-23-123 bde-column\">\n  \n  \n\t\n\n\n\n<div class=\"bde-simple-counter-23-131 bde-simple-counter\">\n<div class=\"bde-simple-counter__wrapper\">\n  <p class=\"bde-simple-counter__number bde-h6\">\n    <span class=\"bde-simple-counter__prefix\"><\/span>\n    <span class=\"bde-simple-counter__digit js-digit\"><\/span>\n    <span class=\"bde-simple-counter__suffix\">%<\/span>\n  <\/p>\n    \t<div class=\"bde-simple-counter__title\" >client satisfaction<\/div>\n  <\/div>\n\n<\/div>\n<\/div><div class=\"bde-column-23-126 bde-column\">\n  \n  \n\t\n\n\n\n<div class=\"bde-simple-counter-23-132 bde-simple-counter\">\n<div class=\"bde-simple-counter__wrapper\">\n  <p class=\"bde-simple-counter__number bde-h6\">\n    <span class=\"bde-simple-counter__prefix\"><\/span>\n    <span class=\"bde-simple-counter__digit js-digit\"><\/span>\n    <span class=\"bde-simple-counter__suffix\">+<\/span>\n  <\/p>\n    \t<div class=\"bde-simple-counter__title\" >client over the globe<\/div>\n  <\/div>\n\n<\/div>\n<\/div><div class=\"bde-column-23-129 bde-column\">\n  \n  \n\t\n\n\n\n<div class=\"bde-simple-counter-23-133 bde-simple-counter\">\n<div class=\"bde-simple-counter__wrapper\">\n  <p class=\"bde-simple-counter__number bde-h6\">\n    <span class=\"bde-simple-counter__prefix\"><\/span>\n    <span class=\"bde-simple-counter__digit js-digit\"><\/span>\n    <span class=\"bde-simple-counter__suffix\">+<\/span>\n  <\/p>\n    \t<div class=\"bde-simple-counter__title\" >projects completed<\/div>\n  <\/div>\n\n<\/div>\n<\/div><\/div><\/div>\n<\/section><section class=\"bde-section-23-134 bde-section\">\n  \n  \n\t\n\n\n\n<div class=\"section-container\"><div class=\"bde-text-23-135 bde-text\">\nDespu\u00e9s de a\u00f1os trabajando con marcas, comercios y emprendedores, descubr\u00ed algo claro:\n<\/div><div class=\"bde-fancy-divider-23-136 bde-fancy-divider\">\n\n\n<div class=\"bde-fancy-divider__wrapper\">\n  <div class=\"bde-fancy-divider__separator   \">\n  \t  <\/div>\n<\/div>\n\n<\/div><div class=\"bde-text-23-154 bde-text\">\nEl marketing no funciona si no te representa. Y tampoco si te consume m\u00e1s tiempo del que tienes.\n<\/div><\/div>\n<\/section><section class=\"bde-section-23-138 bde-section\">\n  \n  \n\t\n\n\n\n<div class=\"section-container\"><div class=\"bde-columns-23-139 bde-columns\"><div class=\"bde-column-23-145 bde-column\">\n  \n  \n\t\n\n\n\n<div class=\"bde-image-23-146 bde-image\">\n<figure class=\"breakdance-image breakdance-image--155\">\n\t<div class=\"breakdance-image-container\">\n\t\t<div class=\"breakdance-image-clip\"><img loading=\"lazy\" decoding=\"async\" class=\"breakdance-image-object\" src=\"https:\/\/breakdancelibrary.com\/freelance\/wp-content\/uploads\/sites\/32\/2023\/02\/img2_about_freelance.png\" width=\"436\" height=\"560\" srcset=\"https:\/\/breakdancelibrary.com\/freelance\/wp-content\/uploads\/sites\/32\/2023\/02\/img2_about_freelance.png 436w, https:\/\/breakdancelibrary.com\/freelance\/wp-content\/uploads\/sites\/32\/2023\/02\/img2_about_freelance-234x300.png 234w\" sizes=\"auto, (max-width: 436px) 100vw, 436px\"><\/div>\n\t<\/div><\/figure>\n\n<\/div>\n<\/div><div class=\"bde-column-23-140 bde-column\">\n  \n  \n\t\n\n\n\n<div class=\"bde-text-23-141 bde-text\">\nAqu\u00ed no vendemos humo.\n<\/div><h2 id=\"clients-about__h2\" class=\"bde-heading-23-149 bde-heading\">\nPor eso cre\u00e9 LocalGrow\n<\/h2><div class=\"bde-div-23-150 bde-div\">\n  \n  \n\t\n\n\n\n<div class=\"bde-text-23-151 bde-text\">\nEl marketing deber\u00eda ayudarte, no complicarte.<br>Por eso dise\u00f1o estrategias que se entienden, se aplican y funcionan.\n<\/div><div class=\"bde-text-23-152 bde-text\">\nMi enfoque combina claridad, est\u00e9tica y conversi\u00f3n para que cada acci\u00f3n tenga un porqu\u00e9\u2026 y un para qu\u00e9.\n<\/div>\n<\/div><div class=\"bde-text-23-143 bde-text\">\nDise\u00f1amos contenido que se alinea contigo, webs que convierten y estrategias que generan resultados reales.<br><br>Trabajo desde Tarragona, pero colaboro con negocios de toda Espa\u00f1a (y m\u00e1s all\u00e1).\n<\/div>\n<\/div><\/div><h3 class=\"bde-heading-23-155 bde-heading\" data-parallax=\"true\">\nY s\u00ed, me obsesionan los detalles tanto como los resultados.\n<\/h3><div class=\"bde-button-23-156 bde-button\">\n    \n                                    \n    \n    \n    \n    \n            \n            <button type=\"button\" class=\"button-atom button-atom--custom bde-button__button\"  >\n    \n        <span class=\"button-atom__text\">reserva una sesion conmigo<\/span>\n\n        \n        \n            <\/button>\n    \n\n\n<\/div><div class=\"bde-button-23-157 bde-button\">\n    \n                                    \n    \n    \n    \n    \n            \n            <button type=\"button\" class=\"button-atom button-atom--custom bde-button__button\"  >\n    \n        <span class=\"button-atom__text\">Click Here<\/span>\n\n        \n        \n            <\/button>\n    \n\n\n<\/div><\/div>\n<\/section>","protected":false},"excerpt":{"rendered":"<p>Hola, soy Natalia, fundadora de localgrow marketing Biography Despu\u00e9s de a\u00f1os trabajando con marcas, comercios y emprendedores, descubr\u00ed algo claro: el marketing no funciona si no te representa. Y tampoco si te consume m\u00e1s tiempo del que tienes. Contact Seattle, WA 98109marlinrobinson@gmail.com+1 (605) 475 6968 Expertise Website Design (Tools: Figma, Adobe XD), Graphic Design (Tools: [&hellip;]<\/p>\n","protected":false},"author":1,"featured_media":0,"parent":0,"menu_order":0,"comment_status":"closed","ping_status":"closed","template":"","meta":{"_breakdance_hide_in_design_set":false,"_breakdance_tags":"","footnotes":""},"class_list":["post-23","page","type-page","status-publish","hentry"],"_links":{"self":[{"href":"https:\/\/natalia.soporteforesta.cloud\/index.php?rest_route=\/wp\/v2\/pages\/23","targetHints":{"allow":["GET"]}}],"collection":[{"href":"https:\/\/natalia.soporteforesta.cloud\/index.php?rest_route=\/wp\/v2\/pages"}],"about":[{"href":"https:\/\/natalia.soporteforesta.cloud\/index.php?rest_route=\/wp\/v2\/types\/page"}],"author":[{"embeddable":true,"href":"https:\/\/natalia.soporteforesta.cloud\/index.php?rest_route=\/wp\/v2\/users\/1"}],"replies":[{"embeddable":true,"href":"https:\/\/natalia.soporteforesta.cloud\/index.php?rest_route=%2Fwp%2Fv2%2Fcomments&post=23"}],"version-history":[{"count":4,"href":"https:\/\/natalia.soporteforesta.cloud\/index.php?rest_route=\/wp\/v2\/pages\/23\/revisions"}],"predecessor-version":[{"id":170,"href":"https:\/\/natalia.soporteforesta.cloud\/index.php?rest_route=\/wp\/v2\/pages\/23\/revisions\/170"}],"wp:attachment":[{"href":"https:\/\/natalia.soporteforesta.cloud\/index.php?rest_route=%2Fwp%2Fv2%2Fmedia&parent=23"}],"curies":[{"name":"wp","href":"https:\/\/api.w.org\/{rel}","templated":true}]}}